-4. What is the remainder when (-13)/((r/(-2))/9) is divided by 8*2 + (1 - 3)?
11
Let n = -5 + 16. Let w(x) = x + 7. Let o be w(-3). Suppose o = -9*z + 175. What is the remainder when z is divided by n?
8
Let c(f) = -f**3 - 5*f**2 + 2. Let v be c(-5). Suppose -v*h = 4*i - 26, 2*i + 5*h = 18 - 1. What is the remainder when 24 is divided by ((-15)/(-4))/(i/16)?
4
Let o(x) = -16*x + 35. Calculate the remainder when 9 is divided by o(2).
0
Let n = -6 + 20. Let d = -5 + n. Suppose 10*i = 11*i - 6. What is the remainder when d is divided by i?
3
Let v(t) = 4*t**2 - 37*t - 22. Calculate the remainder when v(12) is divided by 30.
20
Suppose 186 + 874 = 10*k. What is the remainder when 353 is divided by k?
35
Let b(g) = g + 42. Calculate the remainder when 34 is divided by b(-17).
9
Calculate the remainder when 301 is divided by (-1102)/(-4959) - (1 - 619/9).
29
Suppose -5*y + 20 = -60. Let b(f) = -f**3 + 5*f**2 - 6*f + 6. Let s be b(4). Let l = s + y. Calculate the remainder when 27 is divided by l.
13
Suppose 9 = -3*f - 12. Let t = f + 15. Suppose 5*d - 162 + 47 = 0. Calculate the remainder when d is divided by t.
7
Let z(n) = -n**3 + 6*n**2 + 9*n - 5. Let j be (-8)/28 + (-9)/(-7). What is the remainder when z(7) is divided by j + -1 + -2 - -6?
1
Let u(j) = 14*j - 2. Let d(n) = n**2 + 21*n + 1. Let c be d(-21). What is the remainder when 25 is divided by u(c)?
1
Suppose -4*y + 3*c - 5*c + 82 = 0, -2*y + c + 43 = 0. Calculate the remainder when 41 is divided by y.
20
Suppose 0*v = 3*v + m - 102, -3*v - 3*m = -102. Suppose -2*d + v = -24. Calculate the remainder when 56 is divided by d.
27
Suppose 33*f = 30*f + 54. Suppose -55 = -23*o + f*o. What is the remainder when 62 is divided by o?
7
Let t(d) = -6 + 0 + 4 - 4*d + 3. Calculate the remainder when 8*4/((-112)/(-133)) is divided by t(-3).
12
Let p = 259 - 250. Suppose -2*r + 4*r = -3*j - 196, -4*r - 376 = 2*j. Calculate the remainder when r/(-6) - (-2)/3 is divided by p.
7
Let p = 21 - 6. Let z be 0 + p/5 + -12. Calculate the remainder when 12 is divided by (-40)/(-12)*z/(-6).
2
Let l(m) = m**3 - m + 6. Let j be l(0). Calculate the remainder when 17 is divided by 4/((12/45)/(4/j)).
7
Let b(f) = -5*f**3 - f - 3 - 3*f**3 + 7*f**3 + 5*f**2. Let x(o) = o**3 - 4*o**2 - 8*o + 1. What is the remainder when x(6) is divided by b(4)?
7
Suppose 19*q - 1650 = -47*q. Suppose -3*k - 5*m = -221, -4*m = -3*k - 41 + 253. What is the remainder when k is divided by q?
22
Let g(d) = -8*d - 7. Calculate the remainder when g(-5) is divided by (-2)/(-1) + -24 + 34.
9
Suppose -20 = 4*t, -3*d + 2*t - 21 = -85. Calculate the remainder when 28 is divided by d.
10
Let c(w) = 5*w**2 - 4. Let g be (1 + 0 + -2)*10. Let k = -12 - g. What is the remainder when c(k) is divided by 6?
4
Let p = 6 - 7. Let a = p - -13. What is the remainder when a is divided by 81/36 - (-6)/8?
0
Suppose 2*g - 28 = -18. What is the remainder when 11 is divided by g?
1
Calculate the remainder when 77 is divided by 7 - 14 - (-57)/3.
5
Let f(b) = 27*b - b**3 + 3 - 73*b**2 + 0*b**3 + 61*b**2. What is the remainder when f(-14) is divided by 5?
2
What is the remainder when (-369)/(-10) - (-10)/100 is divided by 22?
15
Let d(a) = -8*a - 1. Let k be ((-825)/(-22))/((-1)/4*-2). Let u = k + -69. What is the remainder when d(-2) is divided by u?
3
Let v be (-1)/2*(6 + 4). What is the remainder when 16/(-20) + (-114)/v is divided by 16?
6
Suppose -807*i + 24 = -804*i. Calculate the remainder when i is divided by 3.
2
Suppose -60 = -10*f + 5*f. Let y = -472 + 495. Calculate the remainder when y is divided by f.
11
Suppose 8 = -v - 4*p, v + 52 = -2*v + 2*p. Let t = 62 + v. What is the remainder when t is divided by 12?
10
Let c = 645 + -424. Let o = c - 104. What is the remainder when o is divided by 40?
37
Suppose 7*o = 3*o + 32. Suppose a - b - 44 = 0, -4*a + 179 = -0*a - 3*b. What is the remainder when a is divided by o?
7
Let u(l) = 26*l**2 + 23*l - 87. What is the remainder when u(4) is divided by 62?
49
Let b = 1314 - 218. What is the remainder when b is divided by 22?
18
Let a(v) = 5*v**2 - 3*v + 3. Let u(p) = 4*p - 21. Let g be u(6). Suppose g*d = d + 8. What is the remainder when a(d) is divided by 24?
23
Let z = -114 - -113. Let o(i) be the first derivative of -29*i**2/2 + i + 1. What is the remainder when 118 is divided by o(z)?
28
Let q(l) be the second derivative of l**4/12 + 28*l. Calculate the remainder when q(-2) is divided by 4.
0
Let l be 1 + (-12)/(-3) + 69. Suppose -v + l = v. Suppose v + 19 = 4*y. Calculate the remainder when 40 is divided by y.
12
Suppose -2*k = 4, 0 = -3*g - 60*k + 64*k + 314. What is the remainder when g is divided by 26?
24
What is the remainder when 1 - (-3)/(-2)*-28 is divided by (1 - (-12)/15)/(24/120)?
7
Suppose 4*d - 2918 - 406 = 0. Calculate the remainder when d is divided by 38.
33
Let h = -63 - -67. Suppose -2*q - h + 34 = 0. Calculate the remainder when 42 is divided by q.
12
Suppose -48 = 8*m - 5*m. Let i = m + 39. Calculate the remainder when 91 is divided by i.
22
Let c = 13 - -1. Suppose 46*b - 18*b - 1540 = 0. What is the remainder when b is divided by c?
13
Suppose a + 3*k - 11 = 0, -5*k = -k - 12. Suppose 333 = a*p - 35. Suppose 7*w - 523 = p. Calculate the remainder when w is divided by 35.
31
Suppose 0 = -0*l - 9*l. Calculate the remainder when 123 is divided by (-75)/(3 + -6) + l.
23
Let f(z) = -z**3 - 12*z**2 - 3*z - 29. What is the remainder when 68 is divided by f(-12)?
5
Suppose 2*j - 3 = 5. Suppose 0 = j*t - 3*w - 67, 5*t + 5*w = 22 + 18. Let q = t + 28. What is the remainder when q is divided by 14?
13
Suppose -54659 = 183*y - 194*y. What is the remainder when y is divided by 22?
19
Let n(z) = z**2 - 14*z - 28. Let y be n(14). Let m = 45 + y. Let u = -12 + 22. Calculate the remainder when m is divided by u.
7
Let n(q) = q**2 + 39*q + 10. What is the remainder when 306 is divided by n(-39)?
6
Let x = -1 - 6. Let q(w) = 14. Let m(s) = -s - 27. Let o(p) = 3*m(p) + 7*q(p). Calculate the remainder when o(x) is divided by 10.
8
Let o(b) = -b + 21. Let l = -6 - -17. Calculate the remainder when 24 is divided by o(l).
4
Let j(u) = -u**3 - u**2. Let o(i) = 2*i**3 + 4*i**2 - 2*i - 29. Let x(r) = -3*j(r) - o(r). What is the remainder when x(0) is divided by 16?
13
Let x be (-1)/((((-12)/316)/3)/(-1)). Let q = 135 + x. Let v = -24 - -53. Calculate the remainder when q is divided by v.
27
Let w = 0 + 0. Suppose -2*n + 5*f + 19 = w, f + 4*f = -5*n - 5. Calculate the remainder when 874/30 - n/15 is divided by 10.
9
Let z(g) = 8*g**3 + 26*g**2 - 8*g + 5. Let o(s) = 7*s**3 + 26*s**2 - 7*s + 5. Let x(m) = 7*o(m) - 6*z(m). Calculate the remainder when x(-26) is divided by 9.
4
Suppose 701 - 13 = 43*l. What is the remainder when 19/(-2*(-3)/12) is divided by l?
6
Let p be (-7 - -8) + (2 - -2). Suppose -7*d + 114 = -p*d. Calculate the remainder when d is divided by 0/(4 + -3) + 20.
17
Suppose -2*k - 39 = -h, 5*k = -3*h + 19 + 131. Suppose 29 + 5 = 2*c. Calculate the remainder when h is divided by c.
11
Let h(g) = -g**2 - 8*g - 14. Let b be h(-4). Suppose 4*l = 4*u - 32, 5*l = b*l + 15. Calculate the remainder when 50 is divided by u.
11
Suppose -3*j - 5*m + 59 = 0, -54 - 81 = -5*j - m. What is the remainder when 96 is divided by j?
12
Suppose 0 = 2*y - 10, -y - 80 = -5*l + y. Let r = -7 + 12. Calculate the remainder when l is divided by r.
3
Let c(x) = -x**3 - 8*x**2 + 11*x - 12. What is the remainder when c(-10) is divided by 27?
24
Suppose 19*z - 320 = 21*z. Let v = -106 - z. Calculate the remainder when v is divided by 19.
16
Suppose -4*g - 3*h + 701 = 0, g - 40*h = -45*h + 188. What is the remainder when g is divided by 35?
33
Suppose 3*n + 3*t - 1602 = 0, 980 = 5*n - 3*t - 1650. Calculate the remainder when n is divided by 135.
124
Let x(t) = t**3 + 3*t**2 - 3*t + 5. Let q be x(-4). Let r(l) = l**2 - 40*l + 369. Calculate the remainder when r(30) is divided by (-146)/(-8) + q/(-4).
15
Suppose -5*a + 230 + 110 = 0. Suppose 155 = -0*k + 5*k - f, 5*k - 155 = 3*f. Let c = -8 + k. Calculate the remainder when a is divided by c.
22
Suppose -11*d + 168 = -5*d. Calculate the remainder when 362 is divided by d.
26
Suppose 13*i - 2935 + 270 = 0. Calculate the remainder when i is divided by 65.
10
Suppose -3*y = 18*y - 210.